{"id":466,"date":"2019-08-05T21:11:00","date_gmt":"2019-08-05T19:11:00","guid":{"rendered":"http:\/\/wirkungsbilder.claudia-kramp.de\/?page_id=466"},"modified":"2022-06-15T22:07:54","modified_gmt":"2022-06-15T20:07:54","slug":"homoeopathie","status":"publish","type":"page","link":"https:\/\/wirkungsbilder.de\/?page_id=466","title":{"rendered":"Hom\u00f6opathie"},"content":{"rendered":"<h3>Wirkungsbilder Hom\u00f6opathie<\/h3>\n<p>Hier sehen Sie eine Auswahl von meinen insgesamt 40 Bildern, zu Hom\u00f6opathischen Mitteln, mit einer kurzen Erl\u00e4uterung.<br \/>\nDurch das regelm\u00e4\u00dfige Betrachten der Wirkungsbilder und das Wiederholen, der dazu geh\u00f6rigen Affirmationen, k\u00f6nnen Sie<br \/>\nUnterst\u00fctzung zu den jeweiligen Themenbereichen erfahren. Sollten Sie weitere Informationen w\u00fcnschen kontaktieren Sie mich gerne.<\/p>\n<p>Die Bilder k\u00f6nnen sie als Karten DIN A6, DIN A5, Leinwanddruck, Poster, Decken oder Kissen bestellen.<\/p>\n<p><strong>Der Druck des vollst\u00e4ndigen Kartensets, mit einer Brosch\u00fcre zur Anwendung, \u201eWirkungsbilder Hom\u00f6opathie\u201c, ist in Bearbeitung.<br \/>\n<\/strong><\/p>\n<p>&nbsp;<\/p>\n<hr \/>\n<h3>Aconitum<\/h3>\n<div id=\"attachment_630\" style=\"width: 266px\" class=\"wp-caption alignleft\"><img loading=\"lazy\" decoding=\"async\" aria-describedby=\"caption-attachment-630\" class=\"wp-image-630\" src=\"http:\/\/wirkungsbilder.claudia-kramp.de\/wp-content\/uploads\/Aconitum-138x196.jpg\" alt=\"\" width=\"256\" height=\"364\" srcset=\"https:\/\/wirkungsbilder.de\/wp-content\/uploads\/Aconitum-138x196.jpg 138w, https:\/\/wirkungsbilder.de\/wp-content\/uploads\/Aconitum-140x200.jpg 140w, https:\/\/wirkungsbilder.de\/wp-content\/uploads\/Aconitum.jpg 351w\" sizes=\"auto, (max-width: 256px) 100vw, 256px\" \/><p id=\"caption-attachment-630\" class=\"wp-caption-text\">Originalgem\u00e4lde Encaustic Wachs 21 x 30 cm<\/p><\/div>\n<p>&nbsp;<\/p>\n<p>Die Wirkung und transformierende Kraft des Bildes;<\/p>\n<p style=\"padding-left: 80px;\">&#8211; hilft sich zu zentrieren<br \/>\n&#8211; seine innere Ruhe, die innere Mitte im Chaos wieder zu finden<br \/>\n&#8211; schenkt ein Gef\u00fchl von Ruhe, Sicherheit und Geborgenheit<br \/>\n&#8211; verlorene Aspekte k\u00f6nnen erkannt und wieder integriert werden<\/p>\n<p>Affirmation:<br \/>\nIch bin vollkommen ruhig alles befindet sich in diesem Augenblick in der vollkommenen<br \/>\nharmonischen g\u00f6ttlichen Ordnung \u2013 alles ist im gr\u00fcnen Bereich.<\/p>\n<p>&nbsp;<\/p>\n<p>&nbsp;<\/p>\n<p>&nbsp;<\/p>\n<p>&nbsp;<\/p>\n<p>&nbsp;<\/p>\n<hr \/>\n<h3>Anacardium orientale<\/h3>\n<div id=\"attachment_632\" style=\"width: 266px\" class=\"wp-caption alignleft\"><img loading=\"lazy\" decoding=\"async\" aria-describedby=\"caption-attachment-632\" class=\"wp-image-632\" src=\"http:\/\/wirkungsbilder.claudia-kramp.de\/wp-content\/uploads\/Anacardium-orientale-195x196.jpg\" alt=\"\" width=\"256\" height=\"257\" srcset=\"https:\/\/wirkungsbilder.de\/wp-content\/uploads\/Anacardium-orientale-195x196.jpg 195w, https:\/\/wirkungsbilder.de\/wp-content\/uploads\/Anacardium-orientale-150x151.jpg 150w, https:\/\/wirkungsbilder.de\/wp-content\/uploads\/Anacardium-orientale.jpg 500w\" sizes=\"auto, (max-width: 256px) 100vw, 256px\" \/><p id=\"caption-attachment-632\" class=\"wp-caption-text\">Originalgem\u00e4lde Encaustic Wachs 15 x 15 cm<\/p><\/div>\n<p>&nbsp;<\/p>\n<p>Die Wirkung und transformierende Kraft des Bildes;<\/p>\n<p>&#8211; st\u00e4rkt das Selbstbewusstsein<br \/>\n&#8211; hat Vertrauen in seine F\u00e4higkeiten<br \/>\n&#8211; der Kopf wird frei und klar, st\u00e4rkt die Konzentration<br \/>\n&#8211; inneres Potential offenbart sich- will sich befreien<\/p>\n<p>Affirmation:<br \/>\nVoller Freude und Klarheit stelle ich mich Selbstbewusst den Anforderungen des Lebens und stehe zu meinen Entscheidungen.<\/p>\n<p>&nbsp;<\/p>\n<p>&nbsp;<\/p>\n<hr \/>\n<h3>Arnika<\/h3>\n<div id=\"attachment_633\" style=\"width: 266px\" class=\"wp-caption alignleft\"><img loading=\"lazy\" decoding=\"async\" aria-describedby=\"caption-attachment-633\" class=\"wp-image-633\" src=\"http:\/\/wirkungsbilder.claudia-kramp.de\/wp-content\/uploads\/Arnica-135x196.jpg\" alt=\"\" width=\"256\" height=\"371\" srcset=\"https:\/\/wirkungsbilder.de\/wp-content\/uploads\/Arnica-135x196.jpg 135w, https:\/\/wirkungsbilder.de\/wp-content\/uploads\/Arnica-138x200.jpg 138w, https:\/\/wirkungsbilder.de\/wp-content\/uploads\/Arnica.jpg 345w\" sizes=\"auto, (max-width: 256px) 100vw, 256px\" \/><p id=\"caption-attachment-633\" class=\"wp-caption-text\">Originalgem\u00e4lde Encaustic Wachs 15 x 21 cm<\/p><\/div>\n<p>&nbsp;<\/p>\n<p>Die Wirkung und transformierende Kraft des Bildes;<\/p>\n<p>&#8211; das Herz \u00f6ffnet sich im Vertrauen f\u00fcr die Ganzwerdung<br \/>\n&#8211; l\u00f6st emotionale Verh\u00e4rtung und st\u00e4rkt die Psyche<br \/>\n&#8211; Balsam f\u00fcr die Seele<br \/>\n&#8211; die verletzliche und empfindliche Seite wahrnehmen und integrieren<br \/>\n&#8211; die eigene St\u00e4rke wird wahrgenommen<\/p>\n<p>Affirmation:<br \/>\nRuhig und zentriert bin ich in meiner Mitte \u2013 Heilung geschieht.<br \/>\nIch erkenne meine Sanftheit als St\u00e4rke.<\/p>\n<p>&nbsp;<\/p>\n<p>&nbsp;<\/p>\n<p>&nbsp;<\/p>\n<p>&nbsp;<\/p>\n<p>&nbsp;<\/p>\n<hr \/>\n<h3>Aurum metallicum \u2013 Gold<\/h3>\n<div id=\"attachment_635\" style=\"width: 266px\" class=\"wp-caption alignleft\"><img loading=\"lazy\" decoding=\"async\" aria-describedby=\"caption-attachment-635\" class=\"wp-image-635\" src=\"http:\/\/wirkungsbilder.claudia-kramp.de\/wp-content\/uploads\/Aurum-193x196.jpg\" alt=\"\" width=\"256\" height=\"260\" srcset=\"https:\/\/wirkungsbilder.de\/wp-content\/uploads\/Aurum-193x196.jpg 193w, https:\/\/wirkungsbilder.de\/wp-content\/uploads\/Aurum-150x152.jpg 150w, https:\/\/wirkungsbilder.de\/wp-content\/uploads\/Aurum.jpg 500w\" sizes=\"auto, (max-width: 256px) 100vw, 256px\" \/><p id=\"caption-attachment-635\" class=\"wp-caption-text\">Originalgem\u00e4lde Encaustic Wachs 15 x 15 cm<\/p><\/div>\n<p>&nbsp;<\/p>\n<p>Die Wirkung und transformierende Kraft des Bildes;<\/p>\n<p>&#8211; \u00f6ffnet f\u00fcr die bedingungslose Liebe zu sich selbst<br \/>\n&#8211; hilft sich selbst gegen\u00fcber gro\u00dfz\u00fcgiger zu sein<br \/>\n&#8211; bes\u00e4nftigt den inneren Kritiker<br \/>\n&#8211; Mut \u00fcber die eigenen Gef\u00fchle zu reden und sie anzunehmen<\/p>\n<p>Affirmation:<br \/>\nIch erlaube mir mehr Licht und Freude in meinem Leben.<br \/>\nMeinen eigenen Raum nehme ich ein und f\u00fclle ihn mit Liebe.<\/p>\n<p>&nbsp;<\/p>\n<p>&nbsp;<\/p>\n<hr \/>\n<h3>Bryonia<\/h3>\n<div id=\"attachment_636\" style=\"width: 266px\" class=\"wp-caption alignleft\"><img loading=\"lazy\" decoding=\"async\" aria-describedby=\"caption-attachment-636\" class=\"wp-image-636\" src=\"http:\/\/wirkungsbilder.claudia-kramp.de\/wp-content\/uploads\/Bryonia-136x196.jpg\" alt=\"\" width=\"256\" height=\"368\" srcset=\"https:\/\/wirkungsbilder.de\/wp-content\/uploads\/Bryonia-136x196.jpg 136w, https:\/\/wirkungsbilder.de\/wp-content\/uploads\/Bryonia-139x200.jpg 139w, https:\/\/wirkungsbilder.de\/wp-content\/uploads\/Bryonia.jpg 348w\" sizes=\"auto, (max-width: 256px) 100vw, 256px\" \/><p id=\"caption-attachment-636\" class=\"wp-caption-text\">Originalgem\u00e4lde Encaustic Wachs 15 x 21 cm<\/p><\/div>\n<p>&nbsp;<\/p>\n<p>Die Wirkung und transformierende Kraft des Bildes;<\/p>\n<p>&#8211; schenkt Urvertrauen und Erdung<br \/>\n&#8211; gibt Kraft, Klarheit f\u00fcr neue Wege, Strukturen, Berufung\u2026<br \/>\n&#8211; \u00fcberwindet Grenzen<br \/>\n&#8211; st\u00e4rkt die Selbstzufiredenheit<\/p>\n<p>Affirmation:<br \/>\nVoller Vertrauen lebe ich in der Gegenwart und ich erlaube mir eine<br \/>\nAtempause bevor ich reagiere. Ich vertraue in die g\u00f6ttliche Ordnung,<br \/>\nin den Fluss des Lebens. Ich habe mehr als ich brauche und erkenne<br \/>\nmeinen Reichtum.<\/p>\n<p>&nbsp;<\/p>\n<p>&nbsp;<\/p>\n<p>&nbsp;<\/p>\n<p>&nbsp;<\/p>\n<hr \/>\n<h3>Ignatia<\/h3>\n<div id=\"attachment_638\" style=\"width: 266px\" class=\"wp-caption alignleft\"><img loading=\"lazy\" decoding=\"async\" aria-describedby=\"caption-attachment-638\" class=\"wp-image-638\" src=\"http:\/\/wirkungsbilder.claudia-kramp.de\/wp-content\/uploads\/Ignatia-198x196.jpg\" alt=\"\" width=\"256\" height=\"253\" srcset=\"https:\/\/wirkungsbilder.de\/wp-content\/uploads\/Ignatia-198x196.jpg 198w, https:\/\/wirkungsbilder.de\/wp-content\/uploads\/Ignatia-150x148.jpg 150w, https:\/\/wirkungsbilder.de\/wp-content\/uploads\/Ignatia.jpg 500w\" sizes=\"auto, (max-width: 256px) 100vw, 256px\" \/><p id=\"caption-attachment-638\" class=\"wp-caption-text\">Originalgem\u00e4lde Encaustic Wachs 18 x 18 cm<\/p><\/div>\n<p>&nbsp;<\/p>\n<p>Die Wirkung und transformierende Kraft des Bildes;<\/p>\n<p>&#8211; reguliert das Nervensystem, bes\u00e4nftigt und beruhigt<br \/>\n&#8211; geht in tiefe Schichten der Seele, die Seele erlangt Flexibilit\u00e4t<br \/>\n&#8211; die Verarbeitung von altem Schmerz und Trauer darf leicht sein<br \/>\n&#8211; Befreiung von alten Bindungen<\/p>\n<p>Affirmation:<br \/>\nIch lebe mein Leben mit Freude und entdecke neue\u00a0 M\u00f6glichkeiten.<br \/>\nIch finde zur\u00fcck in mein seelisches Gleichgewicht<\/p>\n<p>&nbsp;<\/p>\n<p>&nbsp;<\/p>\n<hr \/>\n<p>&nbsp;<\/p>\n<p><strong>Hinweis<\/strong><br \/>\nDer Einsatz meiner Bilder ersetzt nicht den Besuch eines Arztes oder Heilpraktikers, sowie deren Diagnose und Behandlung.<\/p>\n<p>&nbsp;<\/p>\n<hr \/>\n<p>&nbsp;<\/p>\n","protected":false},"excerpt":{"rendered":"<p>Wirkungsbilder Hom\u00f6opathie Hier sehen Sie eine Auswahl von meinen insgesamt 40 Bildern, zu Hom\u00f6opathischen Mitteln, mit einer kurzen Erl\u00e4uterung. Durch das regelm\u00e4\u00dfige Betrachten der Wirkungsbilder und das Wiederholen, der dazu geh\u00f6rigen Affirmationen, k\u00f6nnen Sie Unterst\u00fctzung zu den jeweiligen Themenbereichen erfahren. Sollten Sie weitere Informationen w\u00fcnschen kontaktieren Sie mich gerne. Die Bilder k\u00f6nnen sie als KartenContinue reading &rarr;<\/p>\n","protected":false},"author":1,"featured_media":0,"parent":0,"menu_order":0,"comment_status":"closed","ping_status":"closed","template":"","meta":{"footnotes":""},"class_list":["post-466","page","type-page","status-publish","hentry","no-thumb"],"_links":{"self":[{"href":"https:\/\/wirkungsbilder.de\/index.php?rest_route=\/wp\/v2\/pages\/466","targetHints":{"allow":["GET"]}}],"collection":[{"href":"https:\/\/wirkungsbilder.de\/index.php?rest_route=\/wp\/v2\/pages"}],"about":[{"href":"https:\/\/wirkungsbilder.de\/index.php?rest_route=\/wp\/v2\/types\/page"}],"author":[{"embeddable":true,"href":"https:\/\/wirkungsbilder.de\/index.php?rest_route=\/wp\/v2\/users\/1"}],"replies":[{"embeddable":true,"href":"https:\/\/wirkungsbilder.de\/index.php?rest_route=%2Fwp%2Fv2%2Fcomments&post=466"}],"version-history":[{"count":78,"href":"https:\/\/wirkungsbilder.de\/index.php?rest_route=\/wp\/v2\/pages\/466\/revisions"}],"predecessor-version":[{"id":1099,"href":"https:\/\/wirkungsbilder.de\/index.php?rest_route=\/wp\/v2\/pages\/466\/revisions\/1099"}],"wp:attachment":[{"href":"https:\/\/wirkungsbilder.de\/index.php?rest_route=%2Fwp%2Fv2%2Fmedia&parent=466"}],"curies":[{"name":"wp","href":"https:\/\/api.w.org\/{rel}","templated":true}]}}